+ z**6/180 + z**5/120 + z**4/6 + z. Let a(o) be the third derivative of y(o). List the prime factors of a(-5).
2, 3
Let o = 9 + -2. Suppose -o*z - 95 = -12*z. List the prime factors of z.
19
Suppose 4*q - q + 2*t = 281, t + 5 = 0. List the prime factors of q.
97
Suppose 2*l + 4*k = 0, 1 = l - k + 7. Let i = l - -12. List the prime factors of i.
2
Let x = -2 + 5. Suppose 0 = -5*z - 5*h + 45, -x*h - 43 = -3*z + 2*h. Let l = z - 4. What are the prime factors of l?
7
Let n(g) = 3*g + 26. List the prime factors of n(6).
2, 11
Suppose d - 3 = -4*v + 2, 3*v - 15 = 3*d. List the prime factors of (0 - -3 - v)*9.
3
Let k(a) = a + 13. List the prime factors of k(-5).
2
Let r = 15 - 42. Let f = r + 64. List the prime factors of f.
37
Let x(p) = -11 - 2*p + 21 + 12 + 3*p. What are the prime factors of x(-10)?
2, 3
Let c be 2/(-5) - 13/5. Let x(l) = -2*l**3 - l**2 + 1. Let b be x(c). Suppose 0*w + 5*p = -3*w + 18, 0 = 5*w + 3*p - b. What are the prime factors of w?
11
Let t(b) = 6*b + 4. Let j be t(-2). Let u(v) = v**3 + 10*v**2 + 11*v + 8. List the prime factors of u(j).
2, 3
List the prime factors of 62/(4 - 2) + -2.
29
Let z(x) = 41*x + 32. What are the prime factors of z(5)?
3, 79
Let t = -6 - -8. Let v(w) = -3*w**3 - 3*w**2 + 3*w - w**t + 2*w**3 + 0*w - 1. What are the prime factors of v(-5)?
3
Suppose -9*a = -4*a - 75. Let f(v) = v**3 - 16*v**2 + 17*v - 9. What are the prime factors of f(a)?
3, 7
Let h(t) = 3*t - 1. Let i(g) = 2*g. Let b(r) = -3*h(r) + 4*i(r). Let s be b(-7). What are the prime factors of (16/s)/(1/10)?
2
Let t(x) = -x**3 - 8*x**2 - 6*x + 10. Let r be 64/4 - (3 + -1). Suppose -5*i - r = -3*i. What are the prime factors of t(i)?
3
Suppose 2*f + 7 = 97. List the prime factors of f.
3, 5
Let u be (-2)/(-8) + (-393)/(-12). List the prime factors of 4/(-22) + 303/u.
3
Let p(i) be the second derivative of -3*i**4/4 + i**3/3 + i**2 - 3*i. Let w be p(-2). Let t = -23 - w. What are the prime factors of t?
3, 5
Let c = -40 - -54. List the prime factors of c.
2, 7
Suppose 2*a = -5*m + 6 + 1, 3*a = -m + 17. Suppose -5*i = -a + 1. Let l = i - -4. List the prime factors of l.
5
Let y = -8 + 0. List the prime factors of 27/4 + 6/y.
2, 3
Let v = -25 + 301. List the prime factors of v.
2, 3, 23
Let y = -21 + 183. List the prime factors of y.
2, 3
Let f(g) = 2*g**2 + 5*g + 1. Let m(k) = -k**3 + 4*k**2 + 5*k - 5. Let b be m(5). List the prime factors of f(b).
2, 13
Let y(f) = f**3 + 6*f**2 - 4*f + 8. List the prime factors of y(-5).
53
Let u(i) = 3*i**2 + 9*i + 14. What are the prime factors of u(-6)?
2, 17
Let h(v) = v**3 + 10*v**2 - 2. Suppose 0 = 3*d + 21 + 9. Let r be h(d). Let s = 5 + r. List the prime factors of s.
3
Let a(y) = y**3 + y**2. Let r(j) = -5*j**3 - 10*j**2 - 2*j - 2. Let b(w) = -6*a(w) - r(w). Let g be b(4). Let h(v) = v. List the prime factors of h(g).
2, 5
Suppose -6*x + 23 + 199 = 0. What are the prime factors of x?
37
Let v(o) = 2*o - 2. Let u be v(8). Suppose 10*k - 12*k = -u. What are the prime factors of k?
7
Let t(a) = 3*a**2 - 6*a + 7. Let x(d) = 2*d**2 - 3*d + 4. Let r(h) = -4*t(h) + 7*x(h). Let k be r(-2). What are the prime factors of (-4)/2 + 14/k?
5
Suppose -6*m + 2 = -5*m. What are the prime factors of 3/(-6)*-6 + m?
5
Suppose 0 = -2*m + 6 + 2. Let f be 14/m - 2/(-4). Suppose 4*x - 5*q + 2 = -1, 3 = 5*x - f*q. What are the prime factors of x?
3
Suppose -2*k + 132 + 22 = 0. What are the prime factors of k?
7, 11
Let x be -2*((-138)/4 - -2). Let k(y) = -y**2 - 7*y - 6. Let z be k(-4). Suppose 0 = -i + z*i - x. What are the prime factors of i?
13
What are the prime factors of 11/(-3 - 28/(-8))?
2, 11
Let o(v) = -5*v + 75. List the prime factors of o(-24).
3, 5, 13
Let h(o) = 26*o**3 + 1. List the prime factors of h(1).
3
Let l = 109 + -100. List the prime factors of l.
3
What are the prime factors of -8 + 11 - -16*14?
227
Suppose -2*r - 5*q + 10 = 0, -3*r + 5*q + 0*q + 15 = 0. Suppose 0 = r*a - 2*a. List the prime factors of 3 - ((3 - a) + -2).
2
Let h = -111 + 174. List the prime factors of h.
3, 7
Let q(h) = h**3 - 10*h**2 + 2*h - 11. Let k(f) be the third derivative of -f**6/60 - f**5/30 + f**3/3 - 2*f**2. Let m be k(-2). List the prime factors of q(m).
3
Let s(z) = 2*z**3 - 5*z**2 - 2*z + 1. Let n be s(5). Suppose 0 = 3*v + 3*u - u - 64, n = 5*v + u. What are the prime factors of v?
2, 3
Let j = 184 - 10. What are the prime factors of j?
2, 3, 29
Let i(u) = 2*u**2 + 7*u + 2. Let k be i(-5). Suppose 4*v = -4*t + 4, 3*v + 0*v = t - k. What are the prime factors of t?
5
Let y = 232 + -150. List the prime factors of y.
2, 41
Let b be (3/(-6))/(2/16). Let i be 20/b - -1*1. What are the prime factors of 5*1*i/(-2)?
2, 5
Suppose 0*w + 3*z = 4*w + 1, -4*z + 22 = 5*w. Suppose a = w*f + 9, -3*a - 4*f = f - 5. List the prime factors of a.
5
Let g(f) = 5*f + 18. What are the prime factors of g(14)?
2, 11
Suppose 112 = 4*g - 340. Suppose 0 = 5*v - z + 2*z - g, -z - 19 = -v. Suppose -2*p = -8 - v. What are the prime factors of p?
3, 5
Let x(p) = 2*p**2 + 29*p + 43. List the prime factors of x(-20).
263
Let z(g) = -4*g**3 - 4*g**2 - 3*g - 2. Suppose 14 = -c - 4*k, -4*c + 1 = k - 4*k. Let b be z(c). What are the prime factors of (-15)/b - 51/(-4)?
2, 3
Let m = -164 - -297. What are the prime factors of m?
7, 19
Let p be 4/6*30/4. Suppose -3*q - p + 47 = 0. What are the prime factors of q?
2, 7
Let w = -6 + 18. Suppose -w = -3*i, 3*i - 5*i = -5*f + 122. What are the prime factors of f?
2, 13
Let o(u) = -u**3 + 5*u**2 + u. Let d be o(5). Suppose 2*f + 12 = d*f. Suppose f*a - 2*b - 9 = 21, 17 = 2*a - 3*b. List the prime factors of a.
7
Let p(r) = -25*r**3 + r**2. Let m be p(-1). Let a = m - 13. What are the prime factors of a?
13
What are the prime factors of (-1)/((-344)/114 - -3)?
3, 19
Let p = 15 + 9. Suppose 2*q + 2 = p. What are the prime factors of q?
11
Let o(c) = 4*c**2 - 1. Let i be o(1). Suppose -4*h = -i*h. Suppose 3*y - 2 - 64 = h. List the prime factors of y.
2, 11
Let c(m) = 2*m**3 + 8*m**2 - 6*m + 12. Let r(p) = 3*p**3 + 16*p**2 - 12*p + 23. Let v(w) = -5*c(w) + 3*r(w). List the prime factors of v(7).
2
List the prime factors of 1*(-3)/1 - (-5 + -387).
389
Let x = 8 + -5. Let j = x - 3. Suppose 5 = -2*a - 5*t, 4*t - 13 = -5*a - j*t. What are the prime factors of a?
5
Let s = 8 - 5. Suppose 4*l - 4 = 0, -5*k - s*l = -1 - 162. Let p = 53 - k. What are the prime factors of p?
3, 7
Let z = 99 + -38. What are the prime factors of z?
61
Suppose -2*i = -4*i + 130. Suppose 3*z - 2*c - 14 = 0, 2*c = 5*z + 3*c - 19. Suppose z*b = i - 9. What are the prime factors of b?
2, 7
Let n(d) be the first derivative of 0*d**3 + 0*d + 3/2*d**4 + 0*d**2 + 2. List the prime factors of n(1).
2, 3
Let b(g) = 85*g - 71. What are the prime factors of b(5)?
2, 3, 59
What are the prime factors of 8/10*25/2?
2, 5
Let c(j) = -18*j. What are the prime factors of c(-9)?
2, 3
Let w = -187 + 273. List the prime factors of w.
2, 43
Let q = -66 + 104. Let j = q - 23. List the prime factors of j.
3, 5
Suppose 4*p = -0*p + 12. Suppose -f = -p*f + 36. What are the prime factors of f?
2, 3
Suppose -4*r + 9*l - 20 = 4*l, -5*r = l + 54. Let q = r + 23. What are the prime factors of q?
13
Suppose -2*v = -v - 94. Suppose 0 = -4*z + 2*j + 4 + v, -3*z - j = -61. Suppose -3 = i - z. What are the prime factors of i?
19
Let n(z) = 48*z**2 + 4*z - 21. What are the prime factors of n(3)?
3, 47
Suppose 2*y - 4*y - 4 = 0. Let m be y/3 + (-7)/3. List the prime factors of (-2)/m - (-48)/9.
2, 3
Suppose c + 2*i = -3*i + 38, -224 = -4*c - 2*i. List the prime factors of c.
2, 29
Let f(t) be the third derivative of t**5/30 + t**4/8 + t**3/2 + 8*t**2. Suppose 4*w - 2 = -10. List the prime factors of f(w).
5
Let o(g) be the first derivative of -g**2/2 + 7*g + 10. Let h be (-2)/(-4)*-2 - 4. What are the prime factors of o(h)?
2, 3
Suppose -m - 186 = -5*f + 195, -150 = -2*f - 2*m. What are the prime factors of f?
2, 19
Let o = 37 - 20. What are the prime factors of o?
17
Let a(x) = -x + 17. Let f be a(13). Suppose -f*w - 2*y + 104 = 20, 2*y + 56 = 3*w. What are the prime factors of w?
2, 5
Suppose -4*k - 21 = -z, 3*k + k - 3*z = -31. What are the prime factors of (k/(-6))/((-1)/(-3))?
2
Let i(p) be the third derivative of 2*p**2 + 0 - 1/4*p**4 + 1/6*p**3 + 0*p. What are the prime 